*(5 + 149)?
1
Let j(s) = -154 - 2*s + 306 - 157 - 7*s**2 - 6*s**3. What is the hundreds digit of j(-5)?
5
Let k = 23453 + -11565. What is the thousands digit of k?
1
Let f = 19 + -11. Suppose -f*h + 1896 = -640. What is the tens digit of h?
1
Let l(p) = p**2 - 28*p + 65. Let n be l(26). Suppose -n*y + 315 = -12*y - 3*h, -1655 = -5*y - h. What is the hundreds digit of y?
3
Suppose 0 = -4*d + 4*s + 28628, -70*d + 75*d = -3*s + 35769. What is the tens digit of d?
5
Let j(y) = 3*y**3 - y**2 - 2*y + 2. Let u be 9/((-27)/(-6))*3/6. Let k be j(u). Suppose 3*l = -k*g + 451, 4*l = l + 4*g + 421. What is the hundreds digit of l?
1
Suppose 8*k + 6584 = 16*k. Suppose 819*x = k*x - 5440. What is the thousands digit of x?
1
Suppose 0 = -323*i + 2381 + 21521. Let d be (5/((-2)/(-2)))/1. Let n = i - d. What is the units digit of n?
9
Suppose -29*q - 248 = -37*q. Suppose z - 255 = q. What is the hundreds digit of z?
2
Let x be (3 - (-32 - 1)) + 7. Suppose -3*a - 2*a - 5 = 0. Let v = a + x. What is the units digit of v?
2
Let r(g) = -g**3 - 17*g**2 + 11*g + 37. Suppose 3*h - 12 = -3*h. Suppose -w - h*t - 22 = 0, -15 = w + 4*t + 11. What is the hundreds digit of r(w)?
1
Let l = 120 + -226. Let h = 281 - l. What is the hundreds digit of h?
3
Let i(u) = -4989*u**3 - 5*u**2 - 28*u - 26. What is the thousands digit of i(-1)?
4
Let j = -1520 - -3434. Let q = j + -1114. What is the tens digit of q?
0
Suppose -105*k + 31*k = -210086. What is the tens digit of k?
3
Let k = 10239 + -1245. What is the tens digit of k?
9
Let x(f) = f - 1. Let s(t) = -3*t - 1. Let a(w) = s(w) + 4*x(w). Let l be a(-1). What is the units digit of 12*(-3)/l*21?
6
Suppose 0 = 47*k - 49*k + 54. Let o(t) = -t**3 + 28*t**2 - 15*t - 37. What is the hundreds digit of o(k)?
2
Let v(s) = s**2 - 2*s. Let i be v(2). Suppose 11 = -w - i. Let f = 39 + w. What is the tens digit of f?
2
Suppose n + n - 4 = 0. Let m be -4 + -3 + 89 + n. Let y = -48 + m. What is the tens digit of y?
3
Suppose -5*z = -8 + 8. Suppose -19*d + 523 + 9338 = z. What is the tens digit of d?
1
Let q = 785 + -1286. Let b = -348 - q. What is the hundreds digit of b?
1
Let m be ((-6)/(-8))/(75/77800). Suppose -5*g - 553 = -w + m, -2*w + 2626 = -g. What is the hundreds digit of w?
3
Let p(j) = 7288*j**2 + 11*j + 3. What is the units digit of p(-1)?
0
Suppose 1503*w - 76208 = 1487*w. What is the tens digit of w?
6
Suppose 4*s - 5476 = -g + 396, 1457 = s + 3*g. What is the hundreds digit of s?
4
What is the tens digit of (2446/3)/(4 - 1145/165 - -3)?
5
Let d = -4764 + 49891. What is the ten thousands digit of d?
4
Let q(u) = 2*u**2 - 10*u + 15. Let y be q(5). Suppose x + 20 = -2*x - 2*f, 3*f = 3*x + y. What is the units digit of (32 - 7)*x/(-10)?
5
Let h(m) = 3*m**2 - 12. Suppose -2*t + 3*q - 6 = 0, -3*t + 2*q + 5 = q. Suppose -t*w + 16 = -p, 2*w + 16 = 6*w - 4*p. What is the tens digit of h(w)?
9
Let n = 320 - 316. Suppose -181 = n*c - 3021. What is the hundreds digit of c?
7
Suppose -4*j + 16 = -0*j. Suppose 3*v - 2 + 14 = 0, a - j*v = 17. What is the units digit of ((-3)/(-6))/a + 465/6?
8
Let y = 1676 - 1671. Let o = 454 - 271. Let b = o - y. What is the hundreds digit of b?
1
Let k(y) = 2*y + 40. Let d be k(9). Let w = d - 59. What is the units digit of (2/((w - 2) + 1))/(-1)?
1
Suppose 4 = -4*w + 2*u, -3*u - 2 = -w + 2. Let x be (-2)/3*9/w. Suppose x*i - 90 = -q - i, 3*i = -5*q + 365. What is the units digit of q?
0
Suppose -4*j + 26371 = 5*f, -2*j + 0*j + 4*f + 13166 = 0. What is the hundreds digit of (-19)/171 + j/9?
7
Let a be ((-234)/(-8) - 0)/(80/15040). Suppose 4*i - b = a, -11*i - 5509 = -15*i - b. What is the tens digit of i?
7
Suppose 11 = -3*m - 1. What is the tens digit of -1 - (2066 - -8)*2/m?
3
Let y be 2*(243/(-6) + -4). Let s(c) = -c**2 + c + 19. Let z be s(0). Let g = z - y. What is the hundreds digit of g?
1
Suppose -42 = 6*h + 6. Let i be (-2)/8 - -1985*(-2)/h. Suppose -4*b - y + 0*y = -i, -372 = -3*b - 3*y. What is the hundreds digit of b?
1
Suppose 0 = 58*p - 548846 + 80496. What is the units digit of p?
5
Let l = -228 + 243. Suppose 403 + 722 = l*r. What is the units digit of r?
5
Let a(r) = -r**3 - 8*r**2 + 4*r + 34. Let s be a(-8). Suppose 2*i - 674 = 5*k + 481, -3*k + 1131 = s*i. What is the hundreds digit of i?
5
Let b = 10807 - -1786. What is the units digit of b?
3
Let i(r) = 6149*r**3 - 2*r**2 + 55*r - 53. What is the tens digit of i(1)?
4
Let u(x) = 15*x**2 + 2*x - 36. Suppose -4*n - 14 - 22 = 5*c, -3*c + 18 = -2*n. What is the units digit of u(n)?
1
Let l be -4*(-68)/(-72) + (-6)/27. Suppose 0 = 5*n - 5, -3*f = 2*n - 2643 - 473. What is the units digit of (24/(-36))/(l/f)?
3
Let a(j) = 1794*j - 3505. What is the tens digit of a(5)?
6
Let d(b) = 3*b + 6. Let n be d(-9). Let k(u) = -4*u**2 - 24*u - 2. Let a be k(-6). What is the units digit of ((n/a)/3)/(2/20)?
5
Suppose 0 = -5*r - 18 + 8. Let o be 1/((-132)/68 - r). Suppose o*b - 15*b - 104 = 0. What is the tens digit of b?
5
Let q(z) = z**3 + 6*z**2 + z - 14. Let p be q(-2). Suppose p = -79*h + 78*h + 23. What is the tens digit of h?
2
Let g(s) be the third derivative of -5*s**4/12 - s**3/3 + s**2 + 4*s. Let q be g(0). What is the hundreds digit of (-4345)/(-15) - q/(-3)?
2
Let l(d) = 3*d**2 - 10*d - 6. Let v = 25 - 20. Suppose -5*z = 3*k - 31, -4*k - 7 - v = -4*z. What is the tens digit of l(z)?
1
Let w be (3 + 0 - 10) + 7 + -5. Let j be 21*1 + 7 + -3 + w. Suppose -2*v + 3*b + 46 = 0, j = 3*v - b - 49. What is the tens digit of v?
2
Let y = -113 - -2498. What is the hundreds digit of y?
3
Let g = 19 - -75. Let z = g + -85. Let u = 22 - z. What is the tens digit of u?
1
Let w(d) be the second derivative of 5/12*d**4 + 0*d**2 + 1/6*d**3 + 0 + 7*d. What is the tens digit of w(2)?
2
What is the hundreds digit of (10/(-3))/((-24)/102528) - 8?
2
Let b = 91 + -82. Suppose b*f - 10090 = 656. Suppose -f = -7*x - 354. What is the tens digit of x?
2
Suppose w - 550 = 5*j, -2*j + 4*j - 2*w + 212 = 0. Let n = 330 - j. What is the hundreds digit of n?
4
Let n = 474 - 478. Let d be -7*1/14*-2. What is the units digit of 1548/16 - d/n?
7
Let v(m) = -64*m**3 - 63*m**2 - 375*m - 31. What is the tens digit of v(-10)?
1
Let u(k) = -21*k + 107. Let g be u(5). Let w(t) = 108*t + 46. What is the hundreds digit of w(g)?
2
Let n(y) = -y**3 - 43*y**2 + 45*y - 338. What is the tens digit of n(-56)?
1
Suppose -4*t - 6560 = -3*h + 11806, 4*h - 24487 = 5*t. Suppose -h = -21*i - 1603. What is the hundreds digit of i?
2
Let a(r) = 0*r**3 - 3*r**3 - 3 + 7*r + 13*r**3 - 11*r - 5*r**2. Let n be a(-3). Let d = n + 492. What is the hundreds digit of d?
1
Let v(m) = -m + 17. Let z be v(7). Let p be z + -1 + -1 + -1*2. Suppose -p*t + t = -700. What is the tens digit of t?
4
Let o = 126 - 122. Let f = -145 - -230. Suppose o*t = f + 59. What is the units digit of t?
6
What is the thousands digit of (-19 - 1)*(-12)/(-8)*(-26 + -1819)?
5
Suppose 15*j = 12*j - 3. Let a = 6 + j. Let l(w) = w**3 - 3*w**2 - 5*w - 4. What is the tens digit of l(a)?
2
Let i be (-182)/56*(-3)/(9/24). What is the units digit of (-4)/i + 4 + 379/13?
3
Let o(l) = 8 + 16 + 7*l + 42*l. Let v be o(-7). Let m = -205 - v. What is the tens digit of m?
1
Suppose 5*k = 5*l - 1985, 6*l - 1585 = 2*l + 5*k. Let s = l - 51. What is the tens digit of s?
4
Let z be (-5)/4*3/2*8. Let t(u) = u**3 + 17*u**2 + 7*u - 22. What is the tens digit of t(z)?
2
Suppose 4*t + u - 4640 = 10159, -2*u = 2. What is the tens digit of t?
0
Suppose 5*f = 4*l + 31194, 3*l + 4291 + 1961 = f. What is the hundreds digit of f?
2
Let r(s) = -s**2 + 5*s + 1. Let m = 20 - 15. Let g be r(m). What is the units digit of (12/54)/g - 1850/(-18)?
3
Suppose 0 = -3*r - 1 - 89. Let m be 3/(4 - r/(-12)). Suppose -5*d + 0*d - 411 = -2*u, -m*d = -3*u + 633. What is the tens digit of u?
1
Let o = 21187 - 11450. What is the hundreds digit of o?
7
Suppose 10*n - 12*n = 16*n. Suppose u - 41 - 376 = n. What is the units digit of u?
7
Let r = 3 + 1. Suppose -o + r = o. Let t = 11 + o. What is the tens digit of t?
1
Suppose 2*k + 3*n - 6855 = 3873, 2*k + 4*n = 10726. What is the tens digit of k?
6
Suppose 0*x + 5*u = -3*x + 60, 4*x = -u + 63. Let n(a) = 3 - 3*a + a + 4 - x. What is the tens digit of n(-13)?
1
Let u = 140 - 161. What is the hundreds digit of (-155)/15*u - 1?
2
